*10/(-6). Let k be c/7 + (-2)/7. Give m(k).
18
Suppose 2*d + 37 = 5*n + 3*d, 4*n - 32 = -2*d. Let z(v) = -5*v**2 + v + 6. Let h(w) = -9*w**2 + 2*w + 12. Let b(q) = n*z(q) - 4*h(q). What is b(0)?
-6
Let a(v) = 32*v**3 - 60*v**3 + 3 - 3*v + 2*v**2 + 26*v**3. What is a(2)?
-11
Let z(h) = h**2 + 9*h + 4. Let l be z(-8). Let c = 7 + l. Let v(s) = -8*s**c + 1 - 2*s**2 + 7*s**3 + 3*s**2. Determine v(0).
1
Suppose -5*d - 3*h = -5*h - 25, -3*d + h + 15 = 0. Let x(s) = -d*s**2 + 14*s + 3*s**2 - 16*s + 1 + 4*s**2. What is x(2)?
5
Suppose 3*p - 17 + 2 = 0. Suppose -2 = 2*t, p*t - 7 = -3*l - l. Let j(s) = s - 4. What is j(l)?
-1
Let h(a) = a**2 + 19*a + 2. Let k(b) = 4*b. Let c(n) = h(n) - 3*k(n). Suppose -5 = -u + 2*u. Calculate c(u).
-8
Let u(x) = -6*x**3 - 9*x**2 + 10. Let a(v) = -5*v**3 - 8*v**2 + 9. Let j(p) = 7*a(p) - 6*u(p). What is j(3)?
12
Let i(v) = 5*v**3 - 2*v**2 - 3*v - 7. Let z(b) = 4*b**3 - b**2 - 3*b - 6. Let k(o) = -5*i(o) + 6*z(o). Calculate k(3).
-1
Let f(v) = 36*v + v**3 - 1 - 36*v + 3*v**2. Calculate f(-3).
-1
Suppose 4 = -s + 6. Let p(h) = 1 - 2*h - 2*h + 0*h**s + h**2 + 1. Let g = -2 + 5. Give p(g).
-1
Let r(q) be the third derivative of q**5/60 + q**3/6 - 5*q**2. Let t(o) = -3*o**2 - 5*o + 6. Let z(h) = -2*r(h) - t(h). Give z(-7).
6
Let w(l) = -l**2 + 7*l + 1. Let p(t) = 5*t**2 - 34*t - 4. Let v(k) = -2*p(k) - 11*w(k). Determine v(9).
-3
Let b = -4 + -1. Let k = 6 + b. Let i(z) = 4*z**3 - z**2 - z + 1. Give i(k).
3
Let d = -2 + 5. Suppose -2*s + d*q = q - 4, 5*q = -4*s + 8. Let g(n) = -2 + 0*n + 0 + n + 2*n**2. Give g(s).
8
Let z(u) = 1870 - 1870 - 2*u - 4*u**2. Let g(k) = k. Let b be g(-2). Determine z(b).
-12
Let f be (11 - -2) + 0/(-2). Suppose -2*r = -6*r + 2*y + 24, f = 3*r + y. Let m(s) = -s. Give m(r).
-5
Let q(x) = -x**2 - x + 3. Suppose 4*y - 6*y = -3*d - 22, 27 = -3*d + 3*y. Determine q(d).
-9
Let b be ((-2)/6)/((-4)/24). Suppose 0 = -b*h - 2*m + 8, 2*h + 0*m - 16 = 2*m. Let k = -10 + h. Let r(l) = -l**3 - 6*l**2 - 5*l + 3. Calculate r(k).
-9
Let z(l) = -l**3 - l**2 - l + 10. Let r(n) = n**3 + 6*n**2. Let h be r(-6). Calculate z(h).
10
Let c(k) = 7*k**3 + 15. Let z(a) = 3*a**3 + 7. Let y(f) = -4*c(f) + 9*z(f). Give y(0).
3
Let m(j) = j**3 - 4*j**2 - j + 5. Let r be (-2)/8 - (-136)/32. What is m(r)?
1
Suppose y = -0*y + 5. Let v(n) = y*n + 0*n**2 - 5 + 2*n**2 + 0 - n**2. Let m be v(-6). Let b(j) = 10*j**2 + j. Determine b(m).
11
Let z(a) = -12*a**3 + a**2 - 1. Suppose 0 = 4*o + 16, -2*k - 13 = k + 4*o. Determine z(k).
-12
Suppose 21 = -2*j + 1. Let w(c) = c + 18. Give w(j).
8
Let r = 11 - 5. Let g(b) = 0*b**2 + 0*b + 3*b**2 - r - 2*b**2 - 5*b. Calculate g(6).
0
Let c be (-1 + 2 + 1)/(30/(-135)). Let l(o) = -o**2 - 9*o - 3. Give l(c).
-3
Let n(g) = -15*g**3 + 4*g**2 - 7*g. Let f(y) = 4*y - 5*y**2 + 3*y**2 + 3*y**3 + 5*y**3. Let s be (-5)/(-2)*(-1 - 1). Let u(r) = s*f(r) - 3*n(r). What is u(1)?
4
Let p(y) = y**2 - 3. Suppose 5*c + 5*j = 0, c + 0*j + 4*j - 9 = 0. Give p(c).
6
Let s = 11 - 15. Let u(z) = z**3 + 4*z**2 + 3*z + 6. Give u(s).
-6
Let n(d) = d**2 + 6*d - 3. Suppose 0 = a + 4*a + 5*p - 65, 2*a - p - 11 = 0. Suppose -3*z = -a*z - 25. Determine n(z).
-8
Let s(x) = -3*x + 2. Let o(z) = -15*z + 9. Let u(g) = -4*o(g) + 21*s(g). Calculate u(4).
-6
Let f(s) = -7*s - 7. Let p(m) = -4*m - 4. Let b(x) = -3*f(x) + 5*p(x). Let d be b(4). Let o(t) = 3*t - 5*t - d*t**3 - t**2 + t. Give o(-1).
5
Let i(x) = x**3 - 12*x**2 + x - 8. Let h = 113 + -101. What is i(h)?
4
Let x(o) = o**2 + 3*o. Let a(k) = k**3 - k**2 + k + 1. Let s be a(-1). Give x(s).
-2
Suppose a - 3 = 2*a. Let p(h) = -3*h - 4*h + 3 + 6*h. Calculate p(a).
6
Let b(m) = -m**3 - m**2 - m - 1. Let r(a) = -a**3 - 3*a**2 - 2*a - 2. Let t(q) = -2*b(q) + r(q). Calculate t(0).
0
Let t = 4 - 4. Let o(c) be the first derivative of 1/4*c**4 - c + 0*c**3 - 3 - 1/2*c**2. Give o(t).
-1
Let v(f) = -f**3 + 10*f**2 - 9*f + 3. Let a be v(9). Let m = -2 + a. Let t be m - 1 - (-1)/(-1). Let w(g) = 9*g**3 + g**2 + g. Determine w(t).
-9
Let a(q) = q + 0*q + 1 - 3*q + q. Calculate a(1).
0
Let a = 11 + -17. Let c(y) = 22*y - 13. Let z(k) = -5*k + 3. Let h(m) = 2*c(m) + 9*z(m). Determine h(a).
7
Let w(k) = 3 - k**2 + 1 - 3*k - 1 + 0. Determine w(-4).
-1
Let h(y) = y**2 + 4*y - 2. Let p(o) = o**3 + 9*o**2 - 10*o - 3. Let k be p(-10). What is h(k)?
-5
Let n = -44 + 49. Let l(t) = t - 11. Give l(n).
-6
Let o(a) be the third derivative of a**4/24 - a**3/6 - 3*a**2. Let w be ((-4)/(-6))/((-2)/(-3)). What is o(w)?
0
Let z(k) = 5*k**2 - 3*k - k**3 + 5 + 3 - 12. What is z(3)?
5
Let l(y) be the first derivative of -1/2*y**2 + 4 + 0*y. Calculate l(1).
-1
Let a(n) = -6*n**3 - 21*n**2 - 14*n - 1. Let s(h) be the first derivative of h**4/4 + 4*h**3/3 + 3*h**2/2 - 4. Let g(x) = 2*a(x) + 11*s(x). Calculate g(3).
4
Let v(k) = -1. Let c(i) = -i**2 + 5. Let d(u) = -c(u) - 3*v(u). Determine d(-2).
2
Let c(n) = -2*n**3 + 2*n**2 + 2*n - 1. Let k(w) = 2*w**3 - 3*w**2 - 3*w + 1. Let x(g) = 6*c(g) + 5*k(g). What is x(-2)?
9
Suppose o + 10 = -4*o. Let k(q) = -2*q**2 + 2. What is k(o)?
-6
Suppose 0 = -0*d + 5*d - 5*k - 30, 2 = -3*d - 2*k. Let m(h) = 4 - d*h**2 + 5*h**2 - 2*h**2 - 3*h - 4*h. What is m(6)?
-2
Let v(y) = y**2 - 1. Let f be v(-2). Let o = f - 1. Let h(t) = -t**2 + t + 1. Let r(z) = -5. Let k(s) = -3*h(s) - r(s). What is k(o)?
8
Let l(y) be the first derivative of y**5/120 + y**4/6 + 8*y**3/3 - 3. Let a(d) be the third derivative of l(d). Calculate a(-4).
0
Let q(f) = 11*f**2 - 7*f**2 + 5*f**2 - f + 2*f**2. Calculate q(-1).
12
Let p(t) = -5*t + 3*t + t - 1 - 1. Give p(2).
-4
Let b(u) = 3*u**2 - 5*u + 2. Let a(n) = -4*n**2 + 6*n - 1. Let h(j) = -4*a(j) - 5*b(j). Let c(s) be the first derivative of h(s). Give c(1).
3
Let k(t) = -t**3 - 4*t**2 - 4*t - 1. Let g be k(-3). Let z(b) = b + 2 + b - 3. Determine z(g).
3
Let g(c) = -7*c + 3. Let h be g(-3). Let a = -9 + h. Suppose 5*x + 0*x = a. Let o(w) = -w**3 + 3*w**2 + w - 3. Calculate o(x).
0
Suppose -8 = -6*y + 8*y. Let l(w) = w**2 + 8*w + 3. What is l(y)?
-13
Let x(q) = -q - 5. Let y(z) = -z**3 + 3*z**2 - 6*z + 4. Let d be y(4). Let s be 8/d - 4/(-18). Let p be x(s). Let k(g) = -g**2 - 5*g - 3. Calculate k(p).
-3
Let a(x) = x**3 + 4 - 2*x**2 + x**2 + 6*x**2. Let n(z) = 5*z**2 + 1. Let m be n(1). Let i be ((-2)/m)/(1/15). Calculate a(i).
4
Let j(i) = -9*i - 1. Let q(f) = -1. Let g(z) = j(z) + 6*q(z). Let l(y) = y + 1. Let m(n) = g(n) + 6*l(n). Determine m(-4).
11
Let k(v) = 61 + v - 58 + 3*v + 0*v. Calculate k(-2).
-5
Let a be 3 + -1 + 2 - 1. Suppose -a*i - 2*k = i - 28, -k = 4*i - 26. Let q(n) = -n + 11. Calculate q(i).
5
Let d(n) = n**3 - 4 - n + 2*n + 2. Let i be d(0). Let o(s) = s**2 - 8*s - 7. Let c(p) = p**2 - 9*p - 8. Let g(j) = -4*c(j) + 5*o(j). Determine g(i).
9
Let d(h) = 2*h + 35*h**2 - 39*h**2 + 6 - 2*h**3 + h**3. What is d(-5)?
21
Let j(x) = -4*x**2 + 22*x + 5. Suppose 0 = -o - 3 + 1. Let d(z) = z**2 - 7*z - 2. Let b(m) = o*j(m) - 7*d(m). Give b(-5).
4
Let z(j) = -j**2 + 2*j - 5. Let g = -3 - -2. Let b(m) = m**2 - m. Let y(s) = g*z(s) - 2*b(s). Calculate y(0).
5
Let h(k) = -6*k - 3 - 5 + 0 + 4. Give h(4).
-28
Let r = 1 - -1. Let d(b) = r - 2*b + 1 - 3*b + 4*b. Calculate d(0).
3
Let x(m) = -2*m**2 - 4*m - 3. Let g = 10 + -4. Suppose -g*s = -7 + 19. What is x(s)?
-3
Let a(y) = -2*y**2 - y - 1. Let i(z) = -3*z**2 - 2*z - 2. Let s(m) = 5*a(m) - 3*i(m). Suppose 0 = -r + 4*b - 10, -5*r - 2*b - 4 = b. Give s(r).
-5
Let c(k) be the second derivative of -7*k**4/12 - 5*k**3/2 + 19*k**2/2 - 5*k. Let w(i) = 4*i**2 + 8*i - 10. Let z(l) = -3*c(l) - 5*w(l). Give z(-6).
-1
Let f(r) = r + 1. Suppose 5*c = 2*q - 4, -6*q = -q - 10. Let n = c + -1. Let m(a) = 6*a + 3. Let k(o) = n*m(o) + 5*f(o). Calculate k(4).
-2
Let p(d) = -d. Let q = 5 - 6. Give p(q).
1
Suppose x + 0*x + 6 = 0. Let m(l) = 4 - 5*l**2 + 0*l**3 + 6*l - l**3 - 4 + 2. Determine m(x).
2
Let v(z) = -z**2 - 4. Let y be v(-3). Let f = -17 - y. Let h(q) = 2*q. Determine h(f).
-8
Let m(f) = f**3 - f - 1. Let a(d) = 6*d**3 - 7*d**2 + d. Let w(s) = -a(s) + 5*m(s). Let h be w(6). Let k(t) = -t**3 - 4*t**2 + 6*t - 5. What is k(h)?
-10
Let a(w) = w**3 - 4*w**2 + w + 1. Let c be (-3)/(-6) - 2/4. Let h = c - -10. Suppose -4*g - 2 = -h. What is a(g)?
-5
Let a(p) be the third derivative of -p**6/120 - p**5/10 + p**3